{"id":1145,"date":"2017-10-09T02:01:13","date_gmt":"2017-10-09T02:01:13","guid":{"rendered":"http:\/\/www.lesnumismates.ca\/?page_id=1145"},"modified":"2017-10-13T00:54:45","modified_gmt":"2017-10-13T00:54:45","slug":"monnaie-decimale-canadienne","status":"publish","type":"page","link":"http:\/\/www.lesnumismates.ca\/?page_id=1145","title":{"rendered":"Monnaie d\u00e9cimale canadienne"},"content":{"rendered":"<div class=\"pt-cv-wrapper\"><div class=\"pt-cv-view pt-cv-grid pt-cv-colsys\" id=\"pt-cv-view-750a482wyj\"><div data-id=\"pt-cv-page-1\" class=\"pt-cv-page\" data-cvc=\"2\"><div class=\"col-md-6 col-sm-6 col-xs-12 pt-cv-content-item pt-cv-1-col\" ><div class='pt-cv-ifield'><a href=\"http:\/\/www.lesnumismates.ca\/?p=2199\" class=\"_self pt-cv-href-thumbnail pt-cv-thumb-default\" target=\"_self\" ><img width=\"150\" height=\"150\" src=\"http:\/\/www.lesnumismates.ca\/wp-content\/uploads\/2021\/04\/9-Faux-Anchor-money-1822-150x150.png\" class=\"pt-cv-thumbnail\" alt=\"\" loading=\"lazy\" srcset=\"http:\/\/www.lesnumismates.ca\/wp-content\/uploads\/2021\/04\/9-Faux-Anchor-money-1822-150x150.png 150w, http:\/\/www.lesnumismates.ca\/wp-content\/uploads\/2021\/04\/9-Faux-Anchor-money-1822-90x90.png 90w, http:\/\/www.lesnumismates.ca\/wp-content\/uploads\/2021\/04\/9-Faux-Anchor-money-1822-75x75.png 75w\" sizes=\"(max-width: 150px) 100vw, 150px\" \/><\/a>\n<h4 class=\"pt-cv-title\"><a href=\"http:\/\/www.lesnumismates.ca\/?p=2199\" class=\"_self\" target=\"_self\" >Des fausses pi\u00e8ces \u00e0 profusion!<\/a><\/h4>\n<div class=\"pt-cv-content\">Depuis que je vous ai pr\u00e9sent\u00e9 un article (Jeton colonial contrefait (PC-4)) sur des fausses pi\u00e8ces de jetons coloniaux canadiens, ...<br \/><a href=\"http:\/\/www.lesnumismates.ca\/?p=2199\" class=\"_self pt-cv-readmore btn btn-success\" target=\"_self\">Lire la suite<\/a><\/div><\/div><\/div>\n<div class=\"col-md-6 col-sm-6 col-xs-12 pt-cv-content-item pt-cv-1-col\" ><div class='pt-cv-ifield'><a href=\"http:\/\/www.lesnumismates.ca\/?p=1128\" class=\"_self pt-cv-href-thumbnail pt-cv-thumb-default\" target=\"_self\" ><img width=\"150\" height=\"150\" src=\"http:\/\/www.lesnumismates.ca\/wp-content\/uploads\/2017\/10\/5-cents-1921-150x150.jpg\" class=\"pt-cv-thumbnail\" alt=\"\" loading=\"lazy\" srcset=\"http:\/\/www.lesnumismates.ca\/wp-content\/uploads\/2017\/10\/5-cents-1921-150x150.jpg 150w, http:\/\/www.lesnumismates.ca\/wp-content\/uploads\/2017\/10\/5-cents-1921-300x297.jpg 300w, http:\/\/www.lesnumismates.ca\/wp-content\/uploads\/2017\/10\/5-cents-1921-768x762.jpg 768w, http:\/\/www.lesnumismates.ca\/wp-content\/uploads\/2017\/10\/5-cents-1921-1024x1015.jpg 1024w, http:\/\/www.lesnumismates.ca\/wp-content\/uploads\/2017\/10\/5-cents-1921-90x90.jpg 90w, http:\/\/www.lesnumismates.ca\/wp-content\/uploads\/2017\/10\/5-cents-1921-75x75.jpg 75w, http:\/\/www.lesnumismates.ca\/wp-content\/uploads\/2017\/10\/5-cents-1921.jpg 1799w\" sizes=\"(max-width: 150px) 100vw, 150px\" \/><\/a>\n<h4 class=\"pt-cv-title\"><a href=\"http:\/\/www.lesnumismates.ca\/?p=1128\" class=\"_self\" target=\"_self\" >Le petit 5 cents en argent 1921<\/a><\/h4>\n<div class=\"pt-cv-content\">L'apr\u00e8s guerre au Canada en 1918 am\u00e8nera divers changements sur les plans mon\u00e9taire et numismatique. Mentionnons particuli\u00e8rement la disparition de ...<br \/><a href=\"http:\/\/www.lesnumismates.ca\/?p=1128\" class=\"_self pt-cv-readmore btn btn-success\" target=\"_self\">Lire la suite<\/a><\/div><\/div><\/div>\n<div class=\"col-md-6 col-sm-6 col-xs-12 pt-cv-content-item pt-cv-1-col\" ><div class='pt-cv-ifield'><a href=\"http:\/\/www.lesnumismates.ca\/?p=1186\" class=\"_self pt-cv-href-thumbnail pt-cv-thumb-default\" target=\"_self\" ><img width=\"150\" height=\"150\" src=\"http:\/\/www.lesnumismates.ca\/wp-content\/uploads\/2017\/10\/20centsCanada1858-mini-150x150.png\" class=\"pt-cv-thumbnail\" alt=\"\" loading=\"lazy\" srcset=\"http:\/\/www.lesnumismates.ca\/wp-content\/uploads\/2017\/10\/20centsCanada1858-mini-150x150.png 150w, http:\/\/www.lesnumismates.ca\/wp-content\/uploads\/2017\/10\/20centsCanada1858-mini-300x300.png 300w, http:\/\/www.lesnumismates.ca\/wp-content\/uploads\/2017\/10\/20centsCanada1858-mini-90x90.png 90w, http:\/\/www.lesnumismates.ca\/wp-content\/uploads\/2017\/10\/20centsCanada1858-mini-75x75.png 75w, http:\/\/www.lesnumismates.ca\/wp-content\/uploads\/2017\/10\/20centsCanada1858-mini.png 601w\" sizes=\"(max-width: 150px) 100vw, 150px\" \/><\/a>\n<h4 class=\"pt-cv-title\"><a href=\"http:\/\/www.lesnumismates.ca\/?p=1186\" class=\"_self\" target=\"_self\" >La pi\u00e8ce de 20 cents de la Province du Canada<\/a><\/h4>\n<div class=\"pt-cv-content\">L\u2019arriv\u00e9e de la pi\u00e8ce de 20 cents en 1858 fut un \u00e9chec. Aujourd\u2019hui cette monnaie impressionne mais elle le fut ...<br \/><a href=\"http:\/\/www.lesnumismates.ca\/?p=1186\" class=\"_self pt-cv-readmore btn btn-success\" target=\"_self\">Lire la suite<\/a><\/div><\/div><\/div>\n<div class=\"col-md-6 col-sm-6 col-xs-12 pt-cv-content-item pt-cv-1-col\" ><div class='pt-cv-ifield'><a href=\"http:\/\/www.lesnumismates.ca\/?p=1256\" class=\"_self pt-cv-href-thumbnail pt-cv-thumb-default\" target=\"_self\" ><img width=\"150\" height=\"150\" src=\"http:\/\/www.lesnumismates.ca\/wp-content\/uploads\/2017\/10\/jop-mini-1-150x150.jpg\" class=\"pt-cv-thumbnail\" alt=\"\" loading=\"lazy\" srcset=\"http:\/\/www.lesnumismates.ca\/wp-content\/uploads\/2017\/10\/jop-mini-1-150x150.jpg 150w, http:\/\/www.lesnumismates.ca\/wp-content\/uploads\/2017\/10\/jop-mini-1-90x90.jpg 90w, http:\/\/www.lesnumismates.ca\/wp-content\/uploads\/2017\/10\/jop-mini-1-75x75.jpg 75w, http:\/\/www.lesnumismates.ca\/wp-content\/uploads\/2017\/10\/jop-mini-1.jpg 283w\" sizes=\"(max-width: 150px) 100vw, 150px\" \/><\/a>\n<h4 class=\"pt-cv-title\"><a href=\"http:\/\/www.lesnumismates.ca\/?p=1256\" class=\"_self\" target=\"_self\" >Dollar canadien J.O.P<\/a><\/h4>\n<div class=\"pt-cv-content\">Lorsque l'on parle de dollar en argent, c'est une pi\u00e8ce impressionnante et depuis tr\u00e8s longtemps les Canadiens d\u00e9siraient obtenir de ...<br \/><a href=\"http:\/\/www.lesnumismates.ca\/?p=1256\" class=\"_self pt-cv-readmore btn btn-success\" target=\"_self\">Lire la suite<\/a><\/div><\/div><\/div><\/div><\/div><\/div>\n","protected":false},"excerpt":{"rendered":"","protected":false},"author":1,"featured_media":1169,"parent":24,"menu_order":0,"comment_status":"closed","ping_status":"closed","template":"","meta":[],"_links":{"self":[{"href":"http:\/\/www.lesnumismates.ca\/index.php?rest_route=\/wp\/v2\/pages\/1145"}],"collection":[{"href":"http:\/\/www.lesnumismates.ca\/index.php?rest_route=\/wp\/v2\/pages"}],"about":[{"href":"http:\/\/www.lesnumismates.ca\/index.php?rest_route=\/wp\/v2\/types\/page"}],"author":[{"embeddable":true,"href":"http:\/\/www.lesnumismates.ca\/index.php?rest_route=\/wp\/v2\/users\/1"}],"replies":[{"embeddable":true,"href":"http:\/\/www.lesnumismates.ca\/index.php?rest_route=%2Fwp%2Fv2%2Fcomments&post=1145"}],"version-history":[{"count":1,"href":"http:\/\/www.lesnumismates.ca\/index.php?rest_route=\/wp\/v2\/pages\/1145\/revisions"}],"predecessor-version":[{"id":1146,"href":"http:\/\/www.lesnumismates.ca\/index.php?rest_route=\/wp\/v2\/pages\/1145\/revisions\/1146"}],"up":[{"embeddable":true,"href":"http:\/\/www.lesnumismates.ca\/index.php?rest_route=\/wp\/v2\/pages\/24"}],"wp:featuredmedia":[{"embeddable":true,"href":"http:\/\/www.lesnumismates.ca\/index.php?rest_route=\/wp\/v2\/media\/1169"}],"wp:attachment":[{"href":"http:\/\/www.lesnumismates.ca\/index.php?rest_route=%2Fwp%2Fv2%2Fmedia&parent=1145"}],"curies":[{"name":"wp","href":"https:\/\/api.w.org\/{rel}","templated":true}]}}