{"id":555,"date":"2017-08-28T02:52:28","date_gmt":"2017-08-28T02:52:28","guid":{"rendered":"http:\/\/www.lesnumismates.ca\/?page_id=555"},"modified":"2017-10-13T00:54:32","modified_gmt":"2017-10-13T00:54:32","slug":"medaille","status":"publish","type":"page","link":"http:\/\/www.lesnumismates.ca\/?page_id=555","title":{"rendered":"M\u00e9daille"},"content":{"rendered":"<div class=\"pt-cv-wrapper\"><div class=\"pt-cv-view pt-cv-grid pt-cv-colsys\" id=\"pt-cv-view-556a038px2\"><div data-id=\"pt-cv-page-1\" class=\"pt-cv-page\" data-cvc=\"2\"><div class=\"col-md-6 col-sm-6 col-xs-12 pt-cv-content-item pt-cv-1-col\" ><div class='pt-cv-ifield'><a href=\"http:\/\/www.lesnumismates.ca\/?p=406\" class=\"_self pt-cv-href-thumbnail pt-cv-thumb-default\" target=\"_self\" ><img width=\"150\" height=\"150\" src=\"http:\/\/www.lesnumismates.ca\/wp-content\/uploads\/2017\/08\/Louis-Hebert-a-la-une-150x150.png\" class=\"pt-cv-thumbnail\" alt=\"\" loading=\"lazy\" srcset=\"http:\/\/www.lesnumismates.ca\/wp-content\/uploads\/2017\/08\/Louis-Hebert-a-la-une-150x150.png 150w, http:\/\/www.lesnumismates.ca\/wp-content\/uploads\/2017\/08\/Louis-Hebert-a-la-une-300x300.png 300w, http:\/\/www.lesnumismates.ca\/wp-content\/uploads\/2017\/08\/Louis-Hebert-a-la-une-90x90.png 90w, http:\/\/www.lesnumismates.ca\/wp-content\/uploads\/2017\/08\/Louis-Hebert-a-la-une-75x75.png 75w, http:\/\/www.lesnumismates.ca\/wp-content\/uploads\/2017\/08\/Louis-Hebert-a-la-une.png 404w\" sizes=\"(max-width: 150px) 100vw, 150px\" \/><\/a>\n<h4 class=\"pt-cv-title\"><a href=\"http:\/\/www.lesnumismates.ca\/?p=406\" class=\"_self\" target=\"_self\" >Louis H\u00e9bert<\/a><\/h4>\n<div class=\"pt-cv-content\">\u00c9tant un collectionneur compulsif et un fan de l\u2019histoire de notre belle ville de Qu\u00e9bec, je ne pu m\u2019emp\u00eacher de ...<br \/><a href=\"http:\/\/www.lesnumismates.ca\/?p=406\" class=\"_self pt-cv-readmore btn btn-success\" target=\"_self\">Lire la suite<\/a><\/div><\/div><\/div>\n<div class=\"col-md-6 col-sm-6 col-xs-12 pt-cv-content-item pt-cv-1-col\" ><div class='pt-cv-ifield'><a href=\"http:\/\/www.lesnumismates.ca\/?p=741\" class=\"_self pt-cv-href-thumbnail pt-cv-thumb-default\" target=\"_self\" ><img width=\"150\" height=\"150\" src=\"http:\/\/www.lesnumismates.ca\/wp-content\/uploads\/2017\/09\/medaille-Boucherville-350-avers-150x150.png\" class=\"pt-cv-thumbnail\" alt=\"\" loading=\"lazy\" srcset=\"http:\/\/www.lesnumismates.ca\/wp-content\/uploads\/2017\/09\/medaille-Boucherville-350-avers-150x150.png 150w, http:\/\/www.lesnumismates.ca\/wp-content\/uploads\/2017\/09\/medaille-Boucherville-350-avers-90x90.png 90w, http:\/\/www.lesnumismates.ca\/wp-content\/uploads\/2017\/09\/medaille-Boucherville-350-avers-75x75.png 75w, http:\/\/www.lesnumismates.ca\/wp-content\/uploads\/2017\/09\/medaille-Boucherville-350-avers.png 286w\" sizes=\"(max-width: 150px) 100vw, 150px\" \/><\/a>\n<h4 class=\"pt-cv-title\"><a href=\"http:\/\/www.lesnumismates.ca\/?p=741\" class=\"_self\" target=\"_self\" >Une magnifique m\u00e9daille pour les 350 ans de Boucherville<\/a><\/h4>\n<div class=\"pt-cv-content\">La ville de Boucherville, situ\u00e9e sur la rive sud de Montr\u00e9al, c\u00e9l\u00e8bre cette ann\u00e9e son 350e anniversaire de fondation. Elle ...<br \/><a href=\"http:\/\/www.lesnumismates.ca\/?p=741\" class=\"_self pt-cv-readmore btn btn-success\" target=\"_self\">Lire la suite<\/a><\/div><\/div><\/div>\n<div class=\"col-md-6 col-sm-6 col-xs-12 pt-cv-content-item pt-cv-1-col\" ><div class='pt-cv-ifield'><a href=\"http:\/\/www.lesnumismates.ca\/?p=736\" class=\"_self pt-cv-href-thumbnail pt-cv-thumb-default\" target=\"_self\" ><img width=\"150\" height=\"150\" src=\"http:\/\/www.lesnumismates.ca\/wp-content\/uploads\/2017\/09\/jeton-175-st-raymond-mini-150x150.png\" class=\"pt-cv-thumbnail\" alt=\"\" loading=\"lazy\" srcset=\"http:\/\/www.lesnumismates.ca\/wp-content\/uploads\/2017\/09\/jeton-175-st-raymond-mini-150x150.png 150w, http:\/\/www.lesnumismates.ca\/wp-content\/uploads\/2017\/09\/jeton-175-st-raymond-mini-90x90.png 90w, http:\/\/www.lesnumismates.ca\/wp-content\/uploads\/2017\/09\/jeton-175-st-raymond-mini-75x75.png 75w\" sizes=\"(max-width: 150px) 100vw, 150px\" \/><\/a>\n<h4 class=\"pt-cv-title\"><a href=\"http:\/\/www.lesnumismates.ca\/?p=736\" class=\"_self\" target=\"_self\" >Magnifique jeton pour le 175e  anniversaire de Saint-Raymond<\/a><\/h4>\n<div class=\"pt-cv-content\">La ville de Saint-Raymond (Portneuf) c\u00e9l\u00e8bre en 2017 son 175e anniversaire de fondation. Pour souligner l\u2019\u00e9v\u00e9nement le Club de philat\u00e9lie ...<br \/><a href=\"http:\/\/www.lesnumismates.ca\/?p=736\" class=\"_self pt-cv-readmore btn btn-success\" target=\"_self\">Lire la suite<\/a><\/div><\/div><\/div>\n<div class=\"col-md-6 col-sm-6 col-xs-12 pt-cv-content-item pt-cv-1-col\" ><div class='pt-cv-ifield'><a href=\"http:\/\/www.lesnumismates.ca\/?p=793\" class=\"_self pt-cv-href-thumbnail pt-cv-thumb-default\" target=\"_self\" ><img width=\"150\" height=\"150\" src=\"http:\/\/www.lesnumismates.ca\/wp-content\/uploads\/2017\/09\/FetesNouvelleFranceMini-150x150.png\" class=\"pt-cv-thumbnail\" alt=\"\" loading=\"lazy\" srcset=\"http:\/\/www.lesnumismates.ca\/wp-content\/uploads\/2017\/09\/FetesNouvelleFranceMini-150x150.png 150w, http:\/\/www.lesnumismates.ca\/wp-content\/uploads\/2017\/09\/FetesNouvelleFranceMini-90x90.png 90w, http:\/\/www.lesnumismates.ca\/wp-content\/uploads\/2017\/09\/FetesNouvelleFranceMini-75x75.png 75w\" sizes=\"(max-width: 150px) 100vw, 150px\" \/><\/a>\n<h4 class=\"pt-cv-title\"><a href=\"http:\/\/www.lesnumismates.ca\/?p=793\" class=\"_self\" target=\"_self\" >Le m\u00e9daillon 2017 des F\u00eates de la Nouvelle-France<\/a><\/h4>\n<div class=\"pt-cv-content\">Les F\u00eates de la Nouvelle-France qui ont eu lieu du 9 au 13 ao\u00fbt dans le Vieux Qu\u00e9bec, viennent tout ...<br \/><a href=\"http:\/\/www.lesnumismates.ca\/?p=793\" class=\"_self pt-cv-readmore btn btn-success\" target=\"_self\">Lire la suite<\/a><\/div><\/div><\/div>\n<div class=\"col-md-6 col-sm-6 col-xs-12 pt-cv-content-item pt-cv-1-col\" ><div class='pt-cv-ifield'><a href=\"http:\/\/www.lesnumismates.ca\/?p=748\" class=\"_self pt-cv-href-thumbnail pt-cv-thumb-default\" target=\"_self\" ><img width=\"150\" height=\"150\" src=\"http:\/\/www.lesnumismates.ca\/wp-content\/uploads\/2017\/09\/150-pont-rouge-150-150x150.png\" class=\"pt-cv-thumbnail\" alt=\"\" loading=\"lazy\" srcset=\"http:\/\/www.lesnumismates.ca\/wp-content\/uploads\/2017\/09\/150-pont-rouge-150-150x150.png 150w, http:\/\/www.lesnumismates.ca\/wp-content\/uploads\/2017\/09\/150-pont-rouge-150-90x90.png 90w, http:\/\/www.lesnumismates.ca\/wp-content\/uploads\/2017\/09\/150-pont-rouge-150-75x75.png 75w\" sizes=\"(max-width: 150px) 100vw, 150px\" \/><\/a>\n<h4 class=\"pt-cv-title\"><a href=\"http:\/\/www.lesnumismates.ca\/?p=748\" class=\"_self\" target=\"_self\" >Deux tr\u00e8s belles m\u00e9dailles pour le 150e  anniversaire de Pont-Rouge<\/a><\/h4>\n<div class=\"pt-cv-content\">La ville de Pont-Rouge (Portneuf) c\u00e9l\u00e8bre en 2017 son 150e anniversaire de fondation. Pour souligner l\u2019\u00e9v\u00e9nement le Comit\u00e9 en charge ...<br \/><a href=\"http:\/\/www.lesnumismates.ca\/?p=748\" class=\"_self pt-cv-readmore btn btn-success\" target=\"_self\">Lire la suite<\/a><\/div><\/div><\/div>\n<div class=\"col-md-6 col-sm-6 col-xs-12 pt-cv-content-item pt-cv-1-col\" ><div class='pt-cv-ifield'><a href=\"http:\/\/www.lesnumismates.ca\/?p=772\" class=\"_self pt-cv-href-thumbnail pt-cv-thumb-default\" target=\"_self\" ><img width=\"150\" height=\"150\" src=\"http:\/\/www.lesnumismates.ca\/wp-content\/uploads\/2017\/09\/canada-150-mini-150x150.png\" class=\"pt-cv-thumbnail\" alt=\"\" loading=\"lazy\" srcset=\"http:\/\/www.lesnumismates.ca\/wp-content\/uploads\/2017\/09\/canada-150-mini-150x150.png 150w, http:\/\/www.lesnumismates.ca\/wp-content\/uploads\/2017\/09\/canada-150-mini-90x90.png 90w, http:\/\/www.lesnumismates.ca\/wp-content\/uploads\/2017\/09\/canada-150-mini-75x75.png 75w\" sizes=\"(max-width: 150px) 100vw, 150px\" \/><\/a>\n<h4 class=\"pt-cv-title\"><a href=\"http:\/\/www.lesnumismates.ca\/?p=772\" class=\"_self\" target=\"_self\" >Cinq organismes numismatiques du Qu\u00e9bec se r\u00e9unissent pour comm\u00e9morer CANADA 150<\/a><\/h4>\n<div class=\"pt-cv-content\">Un collectionneur qu\u00e9b\u00e9cois a d\u00e9cid\u00e9 de faire produire une m\u00e9daille comm\u00e9morative pour souligner le 150e anniversaire de la Conf\u00e9d\u00e9ration canadienne ...<br \/><a href=\"http:\/\/www.lesnumismates.ca\/?p=772\" class=\"_self pt-cv-readmore btn btn-success\" target=\"_self\">Lire la suite<\/a><\/div><\/div><\/div><\/div><\/div><\/div>\n<p>&nbsp;<\/p>\n","protected":false},"excerpt":{"rendered":"<p>&nbsp;<\/p>\n","protected":false},"author":1,"featured_media":1160,"parent":24,"menu_order":0,"comment_status":"closed","ping_status":"closed","template":"","meta":[],"_links":{"self":[{"href":"http:\/\/www.lesnumismates.ca\/index.php?rest_route=\/wp\/v2\/pages\/555"}],"collection":[{"href":"http:\/\/www.lesnumismates.ca\/index.php?rest_route=\/wp\/v2\/pages"}],"about":[{"href":"http:\/\/www.lesnumismates.ca\/index.php?rest_route=\/wp\/v2\/types\/page"}],"author":[{"embeddable":true,"href":"http:\/\/www.lesnumismates.ca\/index.php?rest_route=\/wp\/v2\/users\/1"}],"replies":[{"embeddable":true,"href":"http:\/\/www.lesnumismates.ca\/index.php?rest_route=%2Fwp%2Fv2%2Fcomments&post=555"}],"version-history":[{"count":5,"href":"http:\/\/www.lesnumismates.ca\/index.php?rest_route=\/wp\/v2\/pages\/555\/revisions"}],"predecessor-version":[{"id":674,"href":"http:\/\/www.lesnumismates.ca\/index.php?rest_route=\/wp\/v2\/pages\/555\/revisions\/674"}],"up":[{"embeddable":true,"href":"http:\/\/www.lesnumismates.ca\/index.php?rest_route=\/wp\/v2\/pages\/24"}],"wp:featuredmedia":[{"embeddable":true,"href":"http:\/\/www.lesnumismates.ca\/index.php?rest_route=\/wp\/v2\/media\/1160"}],"wp:attachment":[{"href":"http:\/\/www.lesnumismates.ca\/index.php?rest_route=%2Fwp%2Fv2%2Fmedia&parent=555"}],"curies":[{"name":"wp","href":"https:\/\/api.w.org\/{rel}","templated":true}]}}

Médaille

<div class="pt-cv-wrapper"><div class="pt-cv-view pt-cv-grid pt-cv-colsys" id="pt-cv-view-556a038px2"><div data-id="pt-cv-page-1" class="pt-cv-page" data-cvc="2"><div class="col-md-6 col-sm-6 col-xs-12 pt-cv-content-item pt-cv-1-col" ><div class='pt-cv-ifield'><a href="http://www.lesnumismates.ca/?p=406" class="_self pt-cv-href-thumbnail pt-cv-thumb-default" target="_self" ><img width="150" height="150" src="http://www.lesnumismates.ca/wp-content/uploads/2017/08/Louis-Hebert-a-la-une-150x150.png" class="pt-cv-thumbnail" alt="" loading="lazy" srcset="http://www.lesnumismates.ca/wp-content/uploads/2017/08/Louis-Hebert-a-la-une-150x150.png 150w, http://www.lesnumismates.ca/wp-content/uploads/2017/08/Louis-Hebert-a-la-une-300x300.png 300w, http://www.lesnumismates.ca/wp-content/uploads/2017/08/Louis-Hebert-a-la-une-90x90.png 90w, http://www.lesnumismates.ca/wp-content/uploads/2017/08/Louis-Hebert-a-la-une-75x75.png 75w, http://www.lesnumismates.ca/wp-content/uploads/2017/08/Louis-Hebert-a-la-une.png 404w" sizes="(max-width: 150px) 100vw, 150px" /></a>
<h4 class="pt-cv-title"><a href="http://www.lesnumismates.ca/?p=406" class="_self" target="_self" >Louis Hébert</a></h4>
<div class="pt-cv-content">Étant un collectionneur compulsif et un fan de l’histoire de notre belle ville de Québec, je ne pu m’empêcher de ...<br /><a href="http://www.lesnumismates.ca/?p=406" class="_self pt-cv-readmore btn btn-success" target="_self">Lire la suite</a></div></div></div>
<div class="col-md-6 col-sm-6 col-xs-12 pt-cv-content-item pt-cv-1-col" ><div class='pt-cv-ifield'><a href="http://www.lesnumismates.ca/?p=741" class="_self pt-cv-href-thumbnail pt-cv-thumb-default" target="_self" ><img width="150" height="150" src="http://www.lesnumismates.ca/wp-content/uploads/2017/09/medaille-Boucherville-350-avers-150x150.png" class="pt-cv-thumbnail" alt="" loading="lazy" srcset="http://www.lesnumismates.ca/wp-content/uploads/2017/09/medaille-Boucherville-350-avers-150x150.png 150w, http://www.lesnumismates.ca/wp-content/uploads/2017/09/medaille-Boucherville-350-avers-90x90.png 90w, http://www.lesnumismates.ca/wp-content/uploads/2017/09/medaille-Boucherville-350-avers-75x75.png 75w, http://www.lesnumismates.ca/wp-content/uploads/2017/09/medaille-Boucherville-350-avers.png 286w" sizes="(max-width: 150px) 100vw, 150px" /></a>
<h4 class="pt-cv-title"><a href="http://www.lesnumismates.ca/?p=741" class="_self" target="_self" >Une magnifique médaille pour les 350 ans de Boucherville</a></h4>
<div class="pt-cv-content">La ville de Boucherville, située sur la rive sud de Montréal, célèbre cette année son 350e anniversaire de fondation. Elle ...<br /><a href="http://www.lesnumismates.ca/?p=741" class="_self pt-cv-readmore btn btn-success" target="_self">Lire la suite</a></div></div></div>
<div class="col-md-6 col-sm-6 col-xs-12 pt-cv-content-item pt-cv-1-col" ><div class='pt-cv-ifield'><a href="http://www.lesnumismates.ca/?p=736" class="_self pt-cv-href-thumbnail pt-cv-thumb-default" target="_self" ><img width="150" height="150" src="http://www.lesnumismates.ca/wp-content/uploads/2017/09/jeton-175-st-raymond-mini-150x150.png" class="pt-cv-thumbnail" alt="" loading="lazy" srcset="http://www.lesnumismates.ca/wp-content/uploads/2017/09/jeton-175-st-raymond-mini-150x150.png 150w, http://www.lesnumismates.ca/wp-content/uploads/2017/09/jeton-175-st-raymond-mini-90x90.png 90w, http://www.lesnumismates.ca/wp-content/uploads/2017/09/jeton-175-st-raymond-mini-75x75.png 75w" sizes="(max-width: 150px) 100vw, 150px" /></a>
<h4 class="pt-cv-title"><a href="http://www.lesnumismates.ca/?p=736" class="_self" target="_self" >Magnifique jeton pour le 175e  anniversaire de Saint-Raymond</a></h4>
<div class="pt-cv-content">La ville de Saint-Raymond (Portneuf) célèbre en 2017 son 175e anniversaire de fondation. Pour souligner l’événement le Club de philatélie ...<br /><a href="http://www.lesnumismates.ca/?p=736" class="_self pt-cv-readmore btn btn-success" target="_self">Lire la suite</a></div></div></div>
<div class="col-md-6 col-sm-6 col-xs-12 pt-cv-content-item pt-cv-1-col" ><div class='pt-cv-ifield'><a href="http://www.lesnumismates.ca/?p=793" class="_self pt-cv-href-thumbnail pt-cv-thumb-default" target="_self" ><img width="150" height="150" src="http://www.lesnumismates.ca/wp-content/uploads/2017/09/FetesNouvelleFranceMini-150x150.png" class="pt-cv-thumbnail" alt="" loading="lazy" srcset="http://www.lesnumismates.ca/wp-content/uploads/2017/09/FetesNouvelleFranceMini-150x150.png 150w, http://www.lesnumismates.ca/wp-content/uploads/2017/09/FetesNouvelleFranceMini-90x90.png 90w, http://www.lesnumismates.ca/wp-content/uploads/2017/09/FetesNouvelleFranceMini-75x75.png 75w" sizes="(max-width: 150px) 100vw, 150px" /></a>
<h4 class="pt-cv-title"><a href="http://www.lesnumismates.ca/?p=793" class="_self" target="_self" >Le médaillon 2017 des Fêtes de la Nouvelle-France</a></h4>
<div class="pt-cv-content">Les Fêtes de la Nouvelle-France qui ont eu lieu du 9 au 13 août dans le Vieux Québec, viennent tout ...<br /><a href="http://www.lesnumismates.ca/?p=793" class="_self pt-cv-readmore btn btn-success" target="_self">Lire la suite</a></div></div></div>
<div class="col-md-6 col-sm-6 col-xs-12 pt-cv-content-item pt-cv-1-col" ><div class='pt-cv-ifield'><a href="http://www.lesnumismates.ca/?p=748" class="_self pt-cv-href-thumbnail pt-cv-thumb-default" target="_self" ><img width="150" height="150" src="http://www.lesnumismates.ca/wp-content/uploads/2017/09/150-pont-rouge-150-150x150.png" class="pt-cv-thumbnail" alt="" loading="lazy" srcset="http://www.lesnumismates.ca/wp-content/uploads/2017/09/150-pont-rouge-150-150x150.png 150w, http://www.lesnumismates.ca/wp-content/uploads/2017/09/150-pont-rouge-150-90x90.png 90w, http://www.lesnumismates.ca/wp-content/uploads/2017/09/150-pont-rouge-150-75x75.png 75w" sizes="(max-width: 150px) 100vw, 150px" /></a>
<h4 class="pt-cv-title"><a href="http://www.lesnumismates.ca/?p=748" class="_self" target="_self" >Deux très belles médailles pour le 150e  anniversaire de Pont-Rouge</a></h4>
<div class="pt-cv-content">La ville de Pont-Rouge (Portneuf) célèbre en 2017 son 150e anniversaire de fondation. Pour souligner l’événement le Comité en charge ...<br /><a href="http://www.lesnumismates.ca/?p=748" class="_self pt-cv-readmore btn btn-success" target="_self">Lire la suite</a></div></div></div>
<div class="col-md-6 col-sm-6 col-xs-12 pt-cv-content-item pt-cv-1-col" ><div class='pt-cv-ifield'><a href="http://www.lesnumismates.ca/?p=772" class="_self pt-cv-href-thumbnail pt-cv-thumb-default" target="_self" ><img width="150" height="150" src="http://www.lesnumismates.ca/wp-content/uploads/2017/09/canada-150-mini-150x150.png" class="pt-cv-thumbnail" alt="" loading="lazy" srcset="http://www.lesnumismates.ca/wp-content/uploads/2017/09/canada-150-mini-150x150.png 150w, http://www.lesnumismates.ca/wp-content/uploads/2017/09/canada-150-mini-90x90.png 90w, http://www.lesnumismates.ca/wp-content/uploads/2017/09/canada-150-mini-75x75.png 75w" sizes="(max-width: 150px) 100vw, 150px" /></a>
<h4 class="pt-cv-title"><a href="http://www.lesnumismates.ca/?p=772" class="_self" target="_self" >Cinq organismes numismatiques du Québec se réunissent pour commémorer CANADA 150</a></h4>
<div class="pt-cv-content">Un collectionneur québécois a décidé de faire produire une médaille commémorative pour souligner le 150e anniversaire de la Confédération canadienne ...<br /><a href="http://www.lesnumismates.ca/?p=772" class="_self pt-cv-readmore btn btn-success" target="_self">Lire la suite</a></div></div></div></div></div></div>
<p>&nbsp;</p>
